e the highest common divisor of 24360434 and 17584.
2198
Calculate the greatest common divisor of 517695 and 1035.
15
What is the greatest common factor of 38142 and 194296?
326
Calculate the greatest common divisor of 13072 and 4125850.
1634
Calculate the highest common divisor of 29100 and 165900.
300
Calculate the highest common factor of 44 and 27699804.
44
Calculate the highest common factor of 2344840 and 78080.
2440
Calculate the greatest common divisor of 63 and 39844182.
21
What is the greatest common factor of 407770 and 20410?
10
What is the greatest common factor of 600 and 904870?
10
Calculate the highest common divisor of 3186740 and 620.
20
What is the highest common factor of 4569942 and 858?
78
Calculate the highest common divisor of 208 and 279334640.
208
Calculate the highest common divisor of 1658667 and 8319.
177
Calculate the greatest common divisor of 24008383 and 7.
7
Calculate the greatest common factor of 2597224 and 608.
152
What is the greatest common divisor of 1646968 and 6200?
248
Calculate the greatest common divisor of 22980495 and 30.
15
Calculate the highest common factor of 101875 and 19723.
163
Calculate the greatest common factor of 7262703 and 129843.
567
Calculate the greatest common factor of 469160 and 1044198.
634
What is the highest common factor of 138 and 109822171?
23
What is the highest common factor of 633 and 727665994?
211
Calculate the greatest common factor of 11905040 and 2140.
20
Calculate the greatest common divisor of 175 and 939475.
25
Calculate the highest common factor of 4225869 and 6.
3
What is the greatest common factor of 12528 and 21264366?
174
What is the highest common divisor of 897 and 2914284?
69
Calculate the greatest common factor of 77241860 and 40.
20
Calculate the greatest common factor of 62 and 2858102660.
62
Calculate the highest common divisor of 27 and 60348501.
9
What is the greatest common divisor of 74 and 1785583?
37
What is the highest common factor of 25321466 and 68?
34
What is the greatest common divisor of 188 and 216439324?
188
Calculate the highest common divisor of 225191 and 21199.
43
What is the greatest common factor of 2759537 and 33?
11
What is the highest common factor of 126533385 and 330?
165
Calculate the highest common divisor of 2256 and 472324620.
564
Calculate the greatest common factor of 4 and 19156658.
2
Calculate the greatest common divisor of 107522499 and 168.
21
What is the greatest common divisor of 3650 and 3031471?
73
What is the greatest common divisor of 114742 and 8034?
206
What is the greatest common factor of 5251505 and 20?
5
What is the highest common divisor of 11921 and 885429?
131
Calculate the greatest common divisor of 17527 and 45514526.
1031
What is the greatest common divisor of 13 and 333748181?
13
What is the greatest common factor of 52688 and 16539?
37
What is the highest common divisor of 6237872 and 928?
16
What is the highest common factor of 1639 and 175681?
11
What is the highest common divisor of 436041292 and 508?
508
What is the greatest common factor of 30780669 and 1095?
219
Calculate the greatest common divisor of 69 and 514806976.
23
What is the greatest common divisor of 6920245 and 20?
5
Calculate the greatest common factor of 4734 and 409.
1
Calculate the highest common factor of 70284895 and 190.
95
Calculate the greatest common factor of 588496 and 12.
4
What is the greatest common factor of 14692854 and 77?
11
Calculate the greatest common divisor of 899508432 and 240.
48
What is the greatest common divisor of 1534 and 4269096?
26
What is the greatest common divisor of 12713446 and 9190?
1838
What is the greatest common divisor of 5586956 and 1?
1
What is the highest common divisor of 286576970 and 10?
10
What is the highest common divisor of 8999055 and 117?
117
Calculate the greatest common divisor of 27 and 108813402.
27
Calculate the greatest common divisor of 7552 and 3323648.
128
What is the highest common divisor of 4229 and 7535388673?
4229
Calculate the highest common divisor of 13806133 and 11.
11
What is the greatest common divisor of 7444719 and 1548?
387
What is the greatest common divisor of 1597800 and 21600?
600
Calculate the highest common divisor of 2338 and 1478117.
167
Calculate the greatest common factor of 491024 and 4192.
16
What is the highest common factor of 724625583 and 34584?
4323
What is the highest common divisor of 98974595 and 20?
5
What is the highest common divisor of 147 and 199248553?
49
Calculate the highest common divisor of 928788 and 1452.
12
What is the greatest common factor of 224 and 79417696?
32
What is the greatest common divisor of 42449 and 110704?
187
What is the highest common divisor of 158110 and 93314?
194
What is the greatest common factor of 325879 and 178273?
337
Calculate the highest common factor of 3120 and 8973770.
130
What is the greatest common factor of 877793027 and 19?
19
What is the greatest common factor of 91 and 35702849?
91
What is the highest common divisor of 14189 and 6247214?
2027
Calculate the greatest common factor of 120 and 7777370.
10
What is the greatest common divisor of 1373166 and 23895?
1593
What is the highest common divisor of 1560 and 722123610?
390
Calculate the greatest common factor of 273461 and 1845409.
1811
Calculate the highest common factor of 277993179 and 36.
9
Calculate the highest common divisor of 575 and 4396075.
25
What is the highest common divisor of 222965 and 8797?
19
What is the highest common factor of 97776430 and 6140?
3070
What is the highest common factor of 684975 and 23075?
25
Calculate the greatest common divisor of 428581405 and 485.
485
Calculate the greatest common factor of 2377938 and 6.
6
What is the greatest common factor of 23046074 and 94?
94
Calculate the greatest common divisor of 1140962 and 11524.
86
What is the greatest common factor of 5520 and 12724980?
1380
Calculate the highest common factor of 206960 and 85280.
1040
Calculate the greatest common divisor of 2569 and 22468841.
367
What is the greatest common factor of 21 and 8203867?
7
Calculate the greatest common factor of 5942385 and 60.
15
Calculate the highest common factor of 716 and 2231951.
179
Calculate the greatest common factor of 292 and 16780802.
146
Calculate the greatest common divisor of 1175284 and 748.
44
What is the highest common divisor of 65 and 12568205?
65
Calculate the greatest common divisor of 964 and 324581692.
964
Calculate the highest common divisor of 2751366 and 3803747.
3299
Calculate the highest common factor of 6342961 and 22503.
577
Calculate the greatest common factor of 56 and 5139972.
4
Calculate the greatest common factor of 1040 and 17996160.
1040
What is the highest common divisor of 327 and 48300843?
327
Calculate the highest common divisor of 973526 and 8801.
677
Calculate the highest common factor of 41297480 and 224.
56
Calculate the greatest common factor of 159770033 and 37.
37
Calculate the highest common divisor of 309 and 24341269.
103
Calculate the highest common factor of 21024 and 1515042.
1314
Calculate the greatest common factor of 21663843 and 3.
3
What is the highest common factor of 181 and 1323073800?
181
What is the highest common divisor of 498 and 12813872?
166
Calculate the highest common divisor of 176657435 and 10.
5
What is the highest common factor of 23582197 and 10574?
311
What is the greatest common divisor of 367943987 and 3401?
3401
What is the highest common divisor of 310151849 and 3605?
721
What is the highest common divisor of 3852778436 and 13?
13
What is the greatest common factor of 4294359 and 24849?
2259
Calculate the highest common divisor of 3823497 and 131.
131
Calculate the highest common divisor of 112265744 and 16.
16
Calculate the greatest common divisor of 171584851 and 29.
29
Calculate the greatest common factor of 308 and 169972.
44
What is the highest common divisor of 95 and 624529430?
95
What is the highest common factor of 12013 and 9594?
41
What is the highest common divisor of 165983214 and 1130?
226
Calculate the greatest common divisor of 423 and 1416141.
9
Calculate the highest common divisor of 437459480 and 40.
40
Calculate the greatest common divisor of 17020 and 124223.
23
What is the greatest common divis